- 1. Suppose -2*y - 3*f = -24, -5*y + w = -5*f - 10. Let l(m) = 5*m - 4. List the prime factors of l(y).
2, 13
Let a = -8 - -13. Let d(y) = -y**3 - 8*y**2 - y - 5. Let v be d(-8). Suppose -v*g - 80 = -a*g. List the prime factors of g.
2, 5
Let x(b) = b**2 + 9*b - 2. Let y = -41 + 32. Let p be x(y). List the prime factors of ((-94)/(-8))/(p/(-8)).
47
Let n(r) = 26*r - 46. What are the prime factors of n(16)?
2, 5, 37
Let i(t) = t**3 + 18*t**2 + 5*t + 5. What are the prime factors of i(-10)?
5, 151
Let s(l) = 164*l**2 + 29*l + 61. List the prime factors of s(-2).
659
Let u(d) = -d**2 - 10*d - 7. Let s = -6 - 3. Let j be u(s). Suppose -2*n = -3*v - 77, 5*n - j*v = -0*v + 176. List the prime factors of n.
2, 17
Suppose -l + 2*l = -2*w - 13, -5*l - 37 = 3*w. What are the prime factors of 4/(-4 - -2) - (0 + w)?
2
Let h = 42 + -41. What are the prime factors of (h - -4) + -3 - -280?
2, 3, 47
Let n = 22 - 7. Let j = n - 15. Suppose j = -l - 4*p - 10, l + 0*p - 10 = p. List the prime factors of l.
2, 3
Let b(k) = -41*k + 805. List the prime factors of b(0).
5, 7, 23
Suppose -5*g - p = -20 - 367, -4*g + 327 = -5*p. List the prime factors of g.
2, 3, 13
Suppose 0 = 2*k + 3*f - 344 - 340, -5*k = f - 1684. What are the prime factors of k?
2, 3, 7
Let m(w) = -w + 1. Let i(j) = j + 19. Let g(c) = i(c) - 4*m(c). List the prime factors of g(10).
5, 13
What are the prime factors of ((-23)/46)/((-1)/866)?
433
Let h(n) = 12*n**2 + 9*n - 3. Let g be h(3). Suppose -6*q = -3*q - g. List the prime factors of q.
2, 11
Let b(n) = 2*n**2 + 5*n - 4. Let j(t) = -t**2 + 7*t - 6. Let o be j(5). What are the prime factors of b(o)?
2, 3
What are the prime factors of (-10)/(1 + (-35)/21)?
3, 5
Suppose b = -5*k + 12, -12 - 3 = -k + 4*b. Let o(m) = 3*m**2 - 4*m - 1. List the prime factors of o(k).
2, 7
Let g = -54 + 61. Let x = 61 + g. List the prime factors of x.
2, 17
Suppose 0 = 2*y - 5 + 1. Suppose x - 2*b - 130 = 0, -3*x = y*x - 3*b - 622. List the prime factors of x.
2, 61
Let k(y) = -y - 7. Let f be k(-11). Suppose h = f, 3*h - 4 = 3*g + 5*h. Let n = 19 + g. List the prime factors of n.
3, 5
Let w(b) = b**3 + 8*b**2 + 9*b + 3. Suppose -9 + 12 = x. Suppose -2*a = x*o, -o = 4*a - 2*o + 28. List the prime factors of w(a).
3, 7
Let q = 2281 + -3211. What are the prime factors of q/45*6/(-4)?
31
Suppose 77 = 5*d + 492. Let l = -14 - d. Suppose -7*c = -4*c - l. What are the prime factors of c?
23
Let m(a) = 20*a**2 + 53*a + 19. Let l(h) = 7*h**2 + 18*h + 6. Let k(s) = 17*l(s) - 6*m(s). List the prime factors of k(-9).
3, 5
Let i(a) = -a**3 + 27*a**2 + 72*a + 3. List the prime factors of i(27).
3, 11, 59
Let p be (4/(4 + 0))/(-1). List the prime factors of (1*(p - 0))/((-2)/62).
31
Let l be 11/(-3) - (64/12 + -6). Let z(o) = 11*o + 2. Let y(j) = 10*j + 1. Let q(c) = 4*y(c) - 5*z(c). What are the prime factors of q(l)?
3, 13
Suppose 0 = -4*b, -q - 4*b + 313 = -360. List the prime factors of q.
673
Let w be (6 - 8) + 5 + -2. What are the prime factors of (20*2/6)/(w/3)?
2, 5
Let g(v) = v**3 + 8*v**2 + 7*v + 7. Let c be (0 - 4)/(4 + -5). Let y be 22/(-4) + (-6)/c. What are the prime factors of g(y)?
7
Suppose -2*c = -14 + 4. Suppose 0 = 121*y - 120*y - 4. Suppose 4*t + 62 = 2*j + t, 120 = y*j - c*t. List the prime factors of j.
5
Let l(k) = k**2 - 10*k + 10. Let w be l(8). List the prime factors of (-264)/(-4) + w/3.
2
Suppose 4*x = -38 + 230. Let m(j) = j**3 - 11*j**2 - 10*j - 34. Let n be m(12). Let h = n + x. What are the prime factors of h?
2, 19
Suppose 24*v = 21*v + 2658. List the prime factors of v.
2, 443
Let w be (-28)/(-6) - (-8)/(-12). Suppose -4*t = w*t - 312. List the prime factors of t.
3, 13
Let j be (4 + -4)/(0 - -1). Suppose -2*r + 38 = 2*u - j*u, -5*u = -5*r + 105. Suppose 0 = -2*c + r + 32. List the prime factors of c.
2, 13
Suppose g - 6*f + f - 161 = 0, -5*g + 3*f + 783 = 0. Suppose 5*r = 7*r - g. What are the prime factors of r?
2, 3, 13
Let r(l) = -l + 1. Suppose -f + 0 = 1. Let v be r(f). Suppose -n - v*n = -24. What are the prime factors of n?
2
Suppose -4*d = 5*r - 13, 0*d - 4*d - 3*r = -11. Suppose g = -d*g - 4*m + 139, 0 = 2*g + 4*m - 90. List the prime factors of g.
7
Let q(r) be the first derivative of -13*r**4/2 + r**3/3 + r**2/2 + r + 16. List the prime factors of q(-1).
3
Let h be 6/5*(-10)/(-4). Suppose -h*s + 6 = -9. Suppose 0*y + s*t = y - 5, 2*y = 3*t + 24. List the prime factors of y.
3, 5
Let m(u) = -u - 11. Let x be m(7). Let b = 36 + x. Suppose 3*z = b - 12. What are the prime factors of z?
2
Let r(z) = -z**3 - 5*z**2 + 7*z - 8. Let f(j) = -j + 7. Let q be f(13). Let h be r(q). Let b = h - -28. What are the prime factors of b?
2, 7
Let v(w) = 90*w + 12. What are the prime factors of v(5)?
2, 3, 7, 11
Let g be 0 - ((-8)/3 + 10/15). Suppose -p + 133 = g*u, 3 = -p - 2. List the prime factors of u.
3, 23
Let y(a) = 15*a**2 + 84*a + 27. What are the prime factors of y(8)?
3, 7, 79
List the prime factors of (160 - 1)/(27/(-1008)*-7).
2, 53
Let s = -152 + 534. What are the prime factors of s?
2, 191
Suppose 3*b - r - 1908 - 2710 = 0, 0 = -5*b + r + 7694. What are the prime factors of b?
2, 769
Suppose -12 = -2*a + c, -2 + 22 = 5*c. Suppose -278 = -4*k - 2*d, -385 = 3*k - a*k + 5*d. What are the prime factors of k?
2, 3
Suppose -2*n + 3*c + 2*c = -294, -2*n - 4*c = -276. Suppose -3*h - 63 = -3*b + 36, 2*b = 4*h + n. List the prime factors of 5 + -1 + -7 - h.
5, 7
Suppose -2*i + 0*l - 5*l = -27, -2*l = -i. Let a(h) = 4*h**2 - 6*h - 11. List the prime factors of a(i).
97
Let s = 262 + 41. Suppose s + 4 = 2*a + 5*d, -2*d = 2*a - 304. What are the prime factors of a?
151
Let q = 86 + -82. Suppose q*g + 97 = 5*w - 0*g, -5*w + 76 = 3*g. What are the prime factors of w?
17
What are the prime factors of (22 + -20)*(-523)/(-2)?
523
Let i = 30 - 30. Suppose -4*h - n + 187 = i, 0 = 2*h - 2*n - n - 97. What are the prime factors of h?
47
Let c(t) = -243*t - 65. What are the prime factors of c(-3)?
2, 83
Let h be (1 - 0)*(8 - 11). Let f = 57 + h. What are the prime factors of f?
2, 3
Let l = 0 + -5. Let q(n) = -n - 2. Let r be q(l). Suppose r*d = -b + 15, 2*b + 3*b + 27 = 2*d. What are the prime factors of d?
2, 3
Suppose -3145 = -12*x - 85. What are the prime factors of x?
3, 5, 17
Suppose -2*u + 827 = 3*y, u + y = 6*u - 2110. Suppose 6*x - 233 = u. List the prime factors of x.
109
Let h be (-2 + -22)/((-9)/(-6)). Let l = -5 - h. What are the prime factors of l?
11
Suppose 3*o - v + 0*v = 357, 0 = 5*o + v - 603. What are the prime factors of o?
2, 3, 5
Suppose -2*o + 12 = 2*b + 2*b, 4*b - 6 = o. Suppose -4 = n - b*n. Suppose 33 - 281 = -n*s. What are the prime factors of s?
2, 31
Let j(r) = r**3 - 10*r**2 - 10*r - 7. Let w be j(11). Suppose 0 = k - 5*s - 125, s + 339 = 3*k + w*s. Suppose c - k = -4*c. List the prime factors of c.
23
What are the prime factors of (-300)/8*1490/(-15)?
5, 149
Suppose 4*i + 5*u - 73 = 0, u + 0*u = -3. Suppose -4*h - 3*p = -379 + i, -445 = -5*h - 4*p. What are the prime factors of h?
3, 31
Suppose 0 = 4*n + 5*t - 3380, -5*t - 3340 = 2*n - 6*n. Suppose -52*k + n = -45*k. What are the prime factors of k?
2, 3, 5
Let g be 8/28 + (-1886)/(-14). Let n = -3 + 6. Suppose -3*q + 247 = 5*j - 2*q, 5*q - g = -n*j. What are the prime factors of j?
2, 5
Suppose -3*j + 356 = 4*q + 55, 5*q - 505 = -5*j. Let x = 317 - j. List the prime factors of x.
2, 107
Let w = 7 - 26. Let b = 62 - w. What are the prime factors of b?
3
Suppose 3*n = 53 - 8. Let g be n + (-2 + 2 - -4). Suppose -5 = 2*v - g. List the prime factors of v.
7
What are the prime factors of (-4233)/(-18) + (-6)/36?
5, 47
Suppose 6*r - 133 - 5273 = 0. What are the prime factors of r?
17, 53
Let w = -958 - -1368. List the prime factors of w.
2, 5, 41
Let n be ((-15)/6 + 3)*-14. Suppose 46 - 2 = -4*i. What are the prime factors of 20 - -2 - (i - n)?
2, 13
Suppose -v + 381 = 5*m, -v - 4*m + 1604 = 3*v. What are the prime factors of v?
2, 7, 29
Let c = 21 - 21. Suppose 0 = -c*p - 2*p - 18. Let y(o) = -o - 4. List the prime factors of y(p).
5
Suppose 0 = -8*j + 3*j. Suppose j = 3*x + 5*r - 30, 4*x - r - 11 = 2*r. Suppose 0 = -k + 5*d - 0*d + 8, -x*k + 2*d = -63. What are the prime factors of k?
13
Let y(m) be the third derivative of m**4/24 + 2*m**3/3 - 6*m**2. Suppose -4*x + 20 = -20. W